ultiple of 47?
True
Is 160 a factor of 378940?
False
Is 60457 a multiple of 21?
False
Is 1426989 a multiple of 169?
False
Is 28208 a multiple of 2?
True
Does 53 divide 5745306?
True
Is 13 a factor of 395011?
False
Is 25 a factor of 1120600?
True
Is 602 a factor of 82308?
False
Does 421 divide 1675159?
True
Is 1627 a multiple of 20?
False
Is 3207889 a multiple of 278?
False
Does 63 divide 40446?
True
Does 124 divide 848875?
False
Is 9 a factor of 372690?
True
Is 4928 a multiple of 616?
True
Is 446710 a multiple of 36?
False
Is 70392 a multiple of 168?
True
Does 66 divide 3661746?
True
Does 209 divide 133969?
True
Does 15 divide 7013041?
False
Is 94 a factor of 2700827?
False
Is 123 a factor of 277242?
True
Does 600 divide 2050800?
True
Is 695525 a multiple of 215?
True
Is 3235871 a multiple of 19?
True
Is 37 a factor of 119550?
False
Does 241 divide 101349?
False
Does 34 divide 111110?
False
Is 38303 a multiple of 26?
False
Is 14 a factor of 3139899?
False
Is 169023 a multiple of 2?
False
Does 287 divide 12043668?
True
Does 24 divide 42288?
True
Is 638327 a multiple of 166?
False
Is 19 a factor of 512239?
False
Does 12 divide 120732?
True
Is 66 a factor of 3671118?
True
Does 31 divide 37231?
True
Does 13 divide 1200371?
False
Is 1188 a factor of 4601120?
False
Does 18 divide 866610?
True
Is 2609203 a multiple of 13?
False
Is 101127 a multiple of 13?
True
Does 266 divide 109060?
True
Is 54 a factor of 127671?
False
Is 4315855 a multiple of 545?
True
Is 668846 a multiple of 56?
False
Is 315198 a multiple of 102?
False
Does 317 divide 349651?
True
Does 19 divide 3069013?
True
Is 1033160 a multiple of 23?
True
Is 11347875 a multiple of 875?
True
Is 18 a factor of 67338?
True
Does 36 divide 1705940?
False
Does 3 divide 41860?
False
Is 1412830 a multiple of 15?
False
Is 30 a factor of 2927880?
True
Is 3 a factor of 81004?
False
Does 26 divide 11135706?
False
Is 43560 a multiple of 40?
True
Is 435479 a multiple of 15?
False
Is 47405 a multiple of 5?
True
Is 7 a factor of 10580444?
True
Does 111 divide 51528?
False
Is 18 a factor of 1896512?
False
Is 50 a factor of 4042750?
True
Does 41 divide 39319?
True
Is 229 a factor of 1652693?
True
Is 54355 a multiple of 162?
False
Is 33 a factor of 68505?
False
Does 4 divide 3786516?
True
Is 1082685 a multiple of 18?
False
Is 2569 a factor of 4791185?
True
Is 4260287 a multiple of 684?
False
Is 140 a factor of 390761?
False
Is 716 a factor of 838436?
True
Is 237 a factor of 217803?
True
Is 3411396 a multiple of 3?
True
Does 20 divide 7992440?
True
Is 55 a factor of 4156075?
True
Is 18 a factor of 258984?
True
Is 29 a factor of 49728?
False
Is 7814 a multiple of 20?
False
Does 30 divide 884220?
True
Is 20 a factor of 1004320?
True
Is 115131 a multiple of 21?
False
Is 4575770 a multiple of 190?
True
Is 9 a factor of 47382?
False
Is 64018 a multiple of 21?
False
Does 805 divide 1027985?
True
Is 4593695 a multiple of 21?
False
Does 339 divide 1496007?
True
Does 69 divide 757344?
True
Is 3451000 a multiple of 29?
True
Is 218280 a multiple of 255?
True
Is 1437 a factor of 4434549?
False
Is 70144 a multiple of 64?
True
Is 17 a factor of 224468?
True
Is 27881 a multiple of 7?
True
Is 18 a factor of 574290?
True
Is 118 a factor of 416229?
False
Is 979951 a multiple of 49?
True
Is 58 a factor of 8405202?
False
Is 488541 a multiple of 13?
False
Is 31 a factor of 44347?
False
Is 43352 a multiple of 4?
True
Is 17 a factor of 83912?
True
Does 21 divide 9738863?
False
Does 28 divide 763448?
True
Is 1449290 a multiple of 370?
True
Is 15 a factor of 344107?
False
Is 154 a factor of 421641?
False
Is 20 a factor of 97840?
True
Does 81 divide 318269?
False
Does 117 divide 93279?
False
Is 1323960 a multiple of 88?
True
Does 2530 divide 12278090?
True
Is 73 a factor of 49202?
True
Is 12642941 a multiple of 103?
True
Is 21811073 a multiple of 39?
False
Does 34 divide 712436?
True
Is 148608 a multiple of 54?
True
Is 4 a factor of 368234?
False
Is 36 a factor of 6020237?
False
Is 13800 a multiple of 46?
True
Does 68 divide 2053396?
True
Is 16921 a multiple of 2?
False
Is 13803 even?
False
Does 10 divide 757138?
False
Does 14 divide 7276626?
True
Is 428253 a multiple of 9?
False
Does 369 divide 7307676?
True
Is 34 a factor of 148091?
False
Does 20 divide 1923600?
True
Is 649152 a multiple of 42?
True
Does 952 divide 2753072?
False
Is 149 a factor of 4771418?
False
Does 4 divide 363580?
True
Does 309 divide 2912037?
False
Is 138601 a multiple of 17?
True
Is 5654636 a multiple of 8?
False
Is 75 a factor of 298575?
True
Is 224 a factor of 38080?
True
Is 282 a factor of 1942134?
True
Is 5996070 a multiple of 30?
True
Is 867 a factor of 26418357?
True
Does 206 divide 1978836?
True
Is 158 a factor of 76038?
False
Is 272888 a multiple of 44?
True
Is 5 a factor of 1942367?
False
Does 291 divide 4892001?
True
Is 6 a factor of 29986?
False
Is 38 a factor of 28211?
False
Is 3777361 a multiple of 127?
True
Is 95145 a multiple of 115?
False
Is 72691 a multiple of 157?
True
Is 12 a factor of 144000?
True
Does 10 divide 132520?
True
Does 277 divide 87051?
False
Does 19 divide 101869?
False
Is 2775195 a multiple of 1685?
True
Is 5023561 a multiple of 1163?
False
Is 1873368 a multiple of 27?
True
Is 79 a factor of 2905801?
False
Is 9 a factor of 20614?
False
Does 308 divide 921013?
False
Is 19 a factor of 40319919?
True
Is 452178 a multiple of 61?
False
Is 640288 a multiple of 17?
True
Does 41 divide 1434879?
False
Is 21 a factor of 324117?
False
Is 158 a factor of 566015?
False
Does 15 divide 5211690?
True
Is 82565 a multiple of 68?
False
Does 830 divide 4844196?
False
Is 14 a factor of 26889?
False
Is 35243445 a multiple of 129?
True
Does 4 divide 101847?
False
Is 4 a factor of 1120?
True
Does 556 divide 236300?
True
Is 76 a factor of 223744?
True
Is 1617373 a multiple of 3?
False
Is 1443272 a multiple of 116?
True
Does 42 divide 20509272?
True
Is 149 a factor of 692835?
False
Does 181 divide 2078423?
True
Is 7 a factor of 94885?
True
Is 1951389 a multiple of 99?
True
Is 75 a factor of 423543?
False
Is 1542464 a multiple of 154?
True
Is 10979072 a multiple of 32?
True
Is 10584630 a multiple of 265?
True
Is 182 a factor of 178424?
False
Does 124 divide 699732?
True
Is 124880 a multiple of 280?
True
Is 2734916 a multiple of 17?
False
Is 9 a factor of 7669417?
False
Does 14 divide 51136?
False
Does 5 divide 131220?
True
Is 5244204 a multiple of 630?
False
Is 131768 a multiple of 216?
False
Is 24329575 a multiple of 1934?
False
Does 12 divide 12810?
False
Is 24440 a multiple of 20?
True
Is 8 a factor of 2099783?
False
Is 5312069 a multiple of 5?
False
Is 1730980 a multiple of 1055?
False
Does 132 divide 386011?
False
Is 6573277 a multiple of 5?
False
Is 14083 a multiple of 3?
False
Is 11 a factor of 947439?
False
Does 89 divide 4785886?
True
Is 2106944 a multiple of 56?
True
Does 620 divide 89694?
False
Is 226 a factor of 627222?
False
Is 681282 a multiple of 126?
True
Is 2496160 a multiple of 2?
True
Does 3 divide 86605?
False
Is 1586 a factor of 11866452?
True
Is 6 a factor of 1357122?
True
Does 10 divide 412070?
True
Does 398 divide 354740?
False
Is 3687 a multiple of 3?
True
Is 66 a factor of 1369368?
True
Does 45 divide 36330?
False
Is 34 a factor of 41922?
True
Is 14 a factor of 7259378?
True
Is 40 a factor of 1644120?
True
Is 288 a factor of 480384?
True
Does 82 divide 2616866?
True
Does 118 divide 5427650?
False
Is 353815 a multiple of 35?
True
Is 616320 a multiple of 107?
True
Does 7 divide 158766?
False
Does 30 divide 929970?
True
Is 28981 a multiple of 7?
False
Does 759 divide 2879646?
True
Is 360 a factor of 3496680?
True
Does 232 divide 56301?
False
Is 15 a factor of 693169?
False
Does 16 divide 27138?
False
Is 229 a factor of 28508?
False
Is 93 a factor of 13376318?
False
Does 54 divide 16336912?
False
Is 319824 a multiple of 13?
False
Does 23 divide 171298?
False
Is 1838505 a multiple of 345?
True
Is 9994 a multiple of 10?
False
Is 13600 a multiple of 32?
True
Is 24 a factor of 40945?
False
Is 580745 a multiple of 34?
False
Does 9 divide 3203085?
False
Does 23 divide 17384?
False
Is 4146999 a multiple of 107?
True
Is 34 a factor of 12614?
True
Is 230200 a multiple of 200?
True
Does 214 divide 102934?
True
Is 32 a factor of 61024?
True
D